{"id":54,"date":"2020-02-29T17:45:39","date_gmt":"2020-02-29T16:45:39","guid":{"rendered":"http:\/\/www.artis-lux.com\/?page_id=54"},"modified":"2021-01-28T12:44:20","modified_gmt":"2021-01-28T11:44:20","slug":"restauration","status":"publish","type":"page","link":"https:\/\/www.artis-lux.com\/index.php\/restauration\/","title":{"rendered":"Conservation &#8211; Restauration"},"content":{"rendered":"\n<p><\/p>\n\n\n<div id=\"pl-gb54-69f2c8d94b8f0\"  class=\"panel-layout\" ><div id=\"pg-gb54-69f2c8d94b8f0-0\"  class=\"panel-grid panel-no-style\" ><div id=\"pgc-gb54-69f2c8d94b8f0-0-0\"  class=\"panel-grid-cell\" ><div id=\"panel-gb54-69f2c8d94b8f0-0-0-0\" class=\"so-panel widget widget_sow-editor panel-first-child panel-last-child\" data-index=\"0\" ><div\n\t\t\t\n\t\t\tclass=\"so-widget-sow-editor so-widget-sow-editor-base\"\n\t\t\t\n\t\t><h3 class=\"widget-title\">Un savoir-faire ancestral<\/h3>\n<div class=\"siteorigin-widget-tinymce textwidget\">\n\t<hr \/>\n<p>Nos comp\u00e9tences et notre rigueur nous permettent d&rsquo;intervenir sur les vitraux du patrimoine priv\u00e9 ou public.<\/p>\n<p>Nous attachons une grande importance \u00e0 la conservation des diff\u00e9rents \u00e9l\u00e9ments des verri\u00e8res d&rsquo;origine.<\/p>\n<p>De m\u00eame,\u00a0 nous proposons diff\u00e9rents syst\u00e8mes de protection afin de sauvegarder leur int\u00e9grit\u00e9 et limiter les interventions futures.<\/p>\n<\/div>\n<\/div><\/div><\/div><\/div><div id=\"pg-gb54-69f2c8d94b8f0-1\"  class=\"panel-grid panel-no-style\" ><div id=\"pgc-gb54-69f2c8d94b8f0-1-0\"  class=\"panel-grid-cell\" ><div id=\"panel-gb54-69f2c8d94b8f0-1-0-0\" class=\"so-panel widget widget_sow-image panel-first-child panel-last-child\" data-index=\"1\" ><div\n\t\t\t\n\t\t\tclass=\"so-widget-sow-image so-widget-sow-image-default-3a2476c0e107-54\"\n\t\t\t\n\t\t>\n<div class=\"sow-image-container\">\n\t\t<img \n\tsrc=\"https:\/\/www.artis-lux.com\/wp-content\/uploads\/2020\/03\/Marteau-pm.jpg\" width=\"1024\" height=\"1536\" srcset=\"https:\/\/www.artis-lux.com\/wp-content\/uploads\/2020\/03\/Marteau-pm.jpg 1024w, https:\/\/www.artis-lux.com\/wp-content\/uploads\/2020\/03\/Marteau-pm-200x300.jpg 200w, https:\/\/www.artis-lux.com\/wp-content\/uploads\/2020\/03\/Marteau-pm-683x1024.jpg 683w, https:\/\/www.artis-lux.com\/wp-content\/uploads\/2020\/03\/Marteau-pm-768x1152.jpg 768w\" sizes=\"(max-width: 706px) 89vw, (max-width: 767px) 82vw, 740px\" title=\"Marteau pm\" alt=\"\" \t\tclass=\"so-widget-image\"\/>\n\t<\/div>\n\n<\/div><\/div><\/div><div id=\"pgc-gb54-69f2c8d94b8f0-1-1\"  class=\"panel-grid-cell\" ><div id=\"panel-gb54-69f2c8d94b8f0-1-1-0\" class=\"so-panel widget widget_sow-editor panel-first-child panel-last-child\" data-index=\"2\" ><div\n\t\t\t\n\t\t\tclass=\"so-widget-sow-editor so-widget-sow-editor-base\"\n\t\t\t\n\t\t>\n<div class=\"siteorigin-widget-tinymce textwidget\">\n\t<p style=\"text-align: left;\"><strong>\u2022<\/strong> Etude pr\u00e9liminaire des travaux: constat d&rsquo;\u00e9tat, diagnostic, pr\u00e9conisations, devis<\/p>\n<p style=\"text-align: left;\"><b>\u2022\u00a0<\/b>D\u00e9pose et repose des panneaux de vitrail et de la serrurerie<\/p>\n<p style=\"text-align: left;\"><strong>\u2022\u00a0<\/strong>Nettoyage m\u00e9ticuleux des panneaux sur table lumineuse<\/p>\n<p style=\"text-align: left;\"><strong>\u2022\u00a0<\/strong>Collage silicone ou technique Tiffany des pi\u00e8ces cass\u00e9es<\/p>\n<p style=\"text-align: left;\"><strong>\u2022 <\/strong>Remplacement \u00e0 l&rsquo;identique des pi\u00e8ces lacunaires<\/p>\n<p style=\"text-align: left;\"><strong>\u2022 <\/strong>Copie de verres anciens par thermoformage<\/p>\n<p style=\"text-align: left;\"><strong>\u2022 <\/strong>Peinture au pinceau et au pochoir (grisailles, jaune d&rsquo;argent, \u00e9maux)<\/p>\n<p><strong>\u2022<\/strong> Restitution des peintures lacunaires \u00e0 froid<\/p>\n<p><strong>\u2022 <\/strong>Consolidation des r\u00e9seaux de plomb d&rsquo;origine ou remise en plomb traditionnelle partielle ou totale<\/p>\n<p style=\"text-align: left;\"><strong>\u2022<\/strong> Protection partielle des pi\u00e8ces histori\u00e9es<\/p>\n<\/div>\n<\/div><\/div><\/div><\/div><div id=\"pg-gb54-69f2c8d94b8f0-2\"  class=\"panel-grid panel-no-style\" ><div id=\"pgc-gb54-69f2c8d94b8f0-2-0\"  class=\"panel-grid-cell\" ><div id=\"panel-gb54-69f2c8d94b8f0-2-0-0\" class=\"so-panel widget widget_sow-editor panel-first-child panel-last-child\" data-index=\"3\" ><div\n\t\t\t\n\t\t\tclass=\"so-widget-sow-editor so-widget-sow-editor-base\"\n\t\t\t\n\t\t>\n<div class=\"siteorigin-widget-tinymce textwidget\">\n\t<p><strong>\u2022 <\/strong>Remise en \u00e9tat ou modification des serrureries et traitement anti-corrosion<\/p>\n<p><strong>\u2022<\/strong>\u00a0Modification des panneaux de base pour pose de rejingot en plomb (\u00e9vacuation externe des eaux de condensation)<\/p>\n<p><strong>\u2022<\/strong>\u00a0Mise \u00e0 dimension de panneaux<\/p>\n<p><strong>\u2022<\/strong>\u00a0Fourniture et pose de verri\u00e8res de protection<\/p>\n<p><strong>\u2022 <\/strong>Fourniture et pose de raquettes de protection et de serrurerie neuve<\/p>\n<p><strong>\u2022<\/strong> Rapport d&rsquo;intervention<\/p>\n<\/div>\n<\/div><\/div><\/div><div id=\"pgc-gb54-69f2c8d94b8f0-2-1\"  class=\"panel-grid-cell\" ><div id=\"panel-gb54-69f2c8d94b8f0-2-1-0\" class=\"so-panel widget widget_sow-image panel-first-child panel-last-child\" data-index=\"4\" ><div\n\t\t\t\n\t\t\tclass=\"so-widget-sow-image so-widget-sow-image-default-3a2476c0e107-54\"\n\t\t\t\n\t\t>\n<div class=\"sow-image-container\">\n\t\t<img \n\tsrc=\"https:\/\/www.artis-lux.com\/wp-content\/uploads\/2020\/03\/20190606_105416pm.jpg\" width=\"1024\" height=\"768\" srcset=\"https:\/\/www.artis-lux.com\/wp-content\/uploads\/2020\/03\/20190606_105416pm.jpg 1024w, https:\/\/www.artis-lux.com\/wp-content\/uploads\/2020\/03\/20190606_105416pm-300x225.jpg 300w, https:\/\/www.artis-lux.com\/wp-content\/uploads\/2020\/03\/20190606_105416pm-768x576.jpg 768w\" sizes=\"(max-width: 706px) 89vw, (max-width: 767px) 82vw, 740px\" alt=\"\" \t\tclass=\"so-widget-image\"\/>\n\t<\/div>\n\n<\/div><\/div><\/div><\/div><\/div>","protected":false},"excerpt":{"rendered":"","protected":false},"author":1,"featured_media":0,"parent":0,"menu_order":0,"comment_status":"closed","ping_status":"closed","template":"","meta":{"footnotes":""},"class_list":["post-54","page","type-page","status-publish","hentry"],"_links":{"self":[{"href":"https:\/\/www.artis-lux.com\/index.php\/wp-json\/wp\/v2\/pages\/54","targetHints":{"allow":["GET"]}}],"collection":[{"href":"https:\/\/www.artis-lux.com\/index.php\/wp-json\/wp\/v2\/pages"}],"about":[{"href":"https:\/\/www.artis-lux.com\/index.php\/wp-json\/wp\/v2\/types\/page"}],"author":[{"embeddable":true,"href":"https:\/\/www.artis-lux.com\/index.php\/wp-json\/wp\/v2\/users\/1"}],"replies":[{"embeddable":true,"href":"https:\/\/www.artis-lux.com\/index.php\/wp-json\/wp\/v2\/comments?post=54"}],"version-history":[{"count":63,"href":"https:\/\/www.artis-lux.com\/index.php\/wp-json\/wp\/v2\/pages\/54\/revisions"}],"predecessor-version":[{"id":905,"href":"https:\/\/www.artis-lux.com\/index.php\/wp-json\/wp\/v2\/pages\/54\/revisions\/905"}],"wp:attachment":[{"href":"https:\/\/www.artis-lux.com\/index.php\/wp-json\/wp\/v2\/media?parent=54"}],"curies":[{"name":"wp","href":"https:\/\/api.w.org\/{rel}","templated":true}]}}