{"id":424,"date":"2021-01-18T11:12:18","date_gmt":"2021-01-18T10:12:18","guid":{"rendered":"http:\/\/www.artis-lux.com\/?page_id=424"},"modified":"2022-05-28T21:36:42","modified_gmt":"2022-05-28T19:36:42","slug":"liens","status":"publish","type":"page","link":"https:\/\/www.artis-lux.com\/index.php\/liens\/","title":{"rendered":"Liens"},"content":{"rendered":"<div id=\"pl-424\"  class=\"panel-layout\" ><div id=\"pg-424-0\"  class=\"panel-grid panel-no-style\" ><div id=\"pgc-424-0-0\"  class=\"panel-grid-cell\" ><div id=\"panel-424-0-0-0\" class=\"so-panel widget widget_media_image panel-first-child\" data-index=\"0\" ><img loading=\"lazy\" decoding=\"async\" width=\"170\" height=\"170\" src=\"https:\/\/www.artis-lux.com\/wp-content\/uploads\/2020\/09\/Logo-Infovitrail.jpg\" class=\"image wp-image-396  attachment-200x200 size-200x200\" alt=\"\" style=\"max-width: 100%; height: auto;\" srcset=\"https:\/\/www.artis-lux.com\/wp-content\/uploads\/2020\/09\/Logo-Infovitrail.jpg 170w, https:\/\/www.artis-lux.com\/wp-content\/uploads\/2020\/09\/Logo-Infovitrail-150x150.jpg 150w, https:\/\/www.artis-lux.com\/wp-content\/uploads\/2020\/09\/Logo-Infovitrail-100x100.jpg 100w\" sizes=\"auto, 100vw\" \/><\/div><div id=\"panel-424-0-0-1\" class=\"so-panel widget widget_media_image\" data-index=\"1\" ><img loading=\"lazy\" decoding=\"async\" width=\"583\" height=\"137\" src=\"https:\/\/www.artis-lux.com\/wp-content\/uploads\/2022\/03\/Logo-Verrejade.jpg\" class=\"image wp-image-993  attachment-full size-full\" alt=\"\" style=\"max-width: 100%; height: auto;\" srcset=\"https:\/\/www.artis-lux.com\/wp-content\/uploads\/2022\/03\/Logo-Verrejade.jpg 583w, https:\/\/www.artis-lux.com\/wp-content\/uploads\/2022\/03\/Logo-Verrejade-300x70.jpg 300w\" sizes=\"auto, 100vw\" \/><\/div><div id=\"panel-424-0-0-2\" class=\"so-panel widget widget_text\" data-index=\"2\" >\t\t\t<div class=\"textwidget\"><p>&nbsp;<\/p>\n<p>&nbsp;<\/p>\n<p>&nbsp;<\/p>\n<\/div>\n\t\t<\/div><div id=\"panel-424-0-0-3\" class=\"so-panel widget widget_media_image panel-last-child\" data-index=\"3\" ><img loading=\"lazy\" decoding=\"async\" width=\"395\" height=\"269\" src=\"https:\/\/www.artis-lux.com\/wp-content\/uploads\/2022\/05\/St-Just.jpg\" class=\"image wp-image-1013  attachment-full size-full\" alt=\"\" style=\"max-width: 100%; height: auto;\" srcset=\"https:\/\/www.artis-lux.com\/wp-content\/uploads\/2022\/05\/St-Just.jpg 395w, https:\/\/www.artis-lux.com\/wp-content\/uploads\/2022\/05\/St-Just-300x204.jpg 300w\" sizes=\"auto, 100vw\" \/><\/div><\/div><div id=\"pgc-424-0-1\"  class=\"panel-grid-cell\" ><div id=\"panel-424-0-1-0\" class=\"so-panel widget widget_text panel-first-child\" data-index=\"4\" >\t\t\t<div class=\"textwidget\"><p>&nbsp;<\/p>\n<p><a href=\"http:\/\/infovitrail.com\/index.php\/fr\/accueil\" target=\"_blank\" rel=\"noopener\">Infovitrail<\/a><br \/>\nPortail d&rsquo;informations sur le domaine du vitrail<\/p>\n<\/div>\n\t\t<\/div><div id=\"panel-424-0-1-1\" class=\"so-panel widget widget_text\" data-index=\"5\" >\t\t\t<div class=\"textwidget\"><p>&nbsp;<\/p>\n<p><a href=\"http:\/\/verrejade.com\/accueil\/\">Ateliers Verrejade <\/a><br \/>\nMorthemer (86)<br \/>\nAteliers de conservation-restauration de vitraux par Fr\u00e9d\u00e9ric Pivet et de peintures par Sandrine Jadot-Pivet (Dipl\u00f4m\u00e9s du Master Pro de Conservation-Restauration des Biens Culturels de l\u2019universit\u00e9 Panth\u00e9on-Sorbonne)<\/p>\n<\/div>\n\t\t<\/div><div id=\"panel-424-0-1-2\" class=\"so-panel widget widget_text panel-last-child\" data-index=\"6\" >\t\t\t<div class=\"textwidget\"><p>&nbsp;<\/p>\n<p><a href=\"https:\/\/glassolutions.fr\/fr\/verrerie-saint-just\">Verrerie de Saint Just<\/a><br \/>\nSaint Just Saint Rambert (42)<br \/>\nDerni\u00e8re verrerie en France de verre souffl\u00e9 \u00e0 la bouche aplani pour des applications architecturales, notamment pour les Monuments Historiques.<br \/>\nCi-dessous, vid\u00e9o sur le savoir faire de ces ma\u00eetres verriers:<br \/>\n<a href=\"https:\/\/www.youtube.com\/watch?v=FNr6wukPCHo\">Fabrication du verre souffl\u00e9 de St Just<\/a><\/p>\n<\/div>\n\t\t<\/div><\/div><\/div><\/div>","protected":false},"excerpt":{"rendered":"<p>&nbsp; &nbsp; &nbsp; &nbsp; Infovitrail Portail d&rsquo;informations sur le domaine du vitrail &nbsp; Ateliers Verrejade Morthemer (86) Ateliers de conservation-restauration de vitraux par Fr\u00e9d\u00e9ric Pivet et de peintures par Sandrine Jadot-Pivet (Dipl\u00f4m\u00e9s du Master Pro de Conservation-Restauration des Biens Culturels de l\u2019universit\u00e9 Panth\u00e9on-Sorbonne) &nbsp; Verrerie de Saint Just Saint Just Saint Rambert (42) Derni\u00e8re verrerie &hellip; <\/p>\n<p class=\"link-more\"><a href=\"https:\/\/www.artis-lux.com\/index.php\/liens\/\" class=\"more-link\">Continuer la lecture<span class=\"screen-reader-text\"> de &laquo;&nbsp;Liens&nbsp;&raquo;<\/span><\/a><\/p>\n","protected":false},"author":1,"featured_media":0,"parent":0,"menu_order":0,"comment_status":"closed","ping_status":"closed","template":"","meta":{"footnotes":""},"class_list":["post-424","page","type-page","status-publish","hentry"],"_links":{"self":[{"href":"https:\/\/www.artis-lux.com\/index.php\/wp-json\/wp\/v2\/pages\/424","targetHints":{"allow":["GET"]}}],"collection":[{"href":"https:\/\/www.artis-lux.com\/index.php\/wp-json\/wp\/v2\/pages"}],"about":[{"href":"https:\/\/www.artis-lux.com\/index.php\/wp-json\/wp\/v2\/types\/page"}],"author":[{"embeddable":true,"href":"https:\/\/www.artis-lux.com\/index.php\/wp-json\/wp\/v2\/users\/1"}],"replies":[{"embeddable":true,"href":"https:\/\/www.artis-lux.com\/index.php\/wp-json\/wp\/v2\/comments?post=424"}],"version-history":[{"count":19,"href":"https:\/\/www.artis-lux.com\/index.php\/wp-json\/wp\/v2\/pages\/424\/revisions"}],"predecessor-version":[{"id":723,"href":"https:\/\/www.artis-lux.com\/index.php\/wp-json\/wp\/v2\/pages\/424\/revisions\/723"}],"wp:attachment":[{"href":"https:\/\/www.artis-lux.com\/index.php\/wp-json\/wp\/v2\/media?parent=424"}],"curies":[{"name":"wp","href":"https:\/\/api.w.org\/{rel}","templated":true}]}}

<div id="pl-424"  class="panel-layout" ><div id="pg-424-0"  class="panel-grid panel-no-style" ><div id="pgc-424-0-0"  class="panel-grid-cell" ><div id="panel-424-0-0-0" class="so-panel widget widget_media_image panel-first-child" data-index="0" ><img loading="lazy" decoding="async" width="170" height="170" src="https://www.artis-lux.com/wp-content/uploads/2020/09/Logo-Infovitrail.jpg" class="image wp-image-396  attachment-200x200 size-200x200" alt="" style="max-width: 100%; height: auto;" srcset="https://www.artis-lux.com/wp-content/uploads/2020/09/Logo-Infovitrail.jpg 170w, https://www.artis-lux.com/wp-content/uploads/2020/09/Logo-Infovitrail-150x150.jpg 150w, https://www.artis-lux.com/wp-content/uploads/2020/09/Logo-Infovitrail-100x100.jpg 100w" sizes="auto, 100vw" /></div><div id="panel-424-0-0-1" class="so-panel widget widget_media_image" data-index="1" ><img loading="lazy" decoding="async" width="583" height="137" src="https://www.artis-lux.com/wp-content/uploads/2022/03/Logo-Verrejade.jpg" class="image wp-image-993  attachment-full size-full" alt="" style="max-width: 100%; height: auto;" srcset="https://www.artis-lux.com/wp-content/uploads/2022/03/Logo-Verrejade.jpg 583w, https://www.artis-lux.com/wp-content/uploads/2022/03/Logo-Verrejade-300x70.jpg 300w" sizes="auto, 100vw" /></div><div id="panel-424-0-0-2" class="so-panel widget widget_text" data-index="2" >			<div class="textwidget"><p>&nbsp;</p>
<p>&nbsp;</p>
<p>&nbsp;</p>
</div>
		</div><div id="panel-424-0-0-3" class="so-panel widget widget_media_image panel-last-child" data-index="3" ><img loading="lazy" decoding="async" width="395" height="269" src="https://www.artis-lux.com/wp-content/uploads/2022/05/St-Just.jpg" class="image wp-image-1013  attachment-full size-full" alt="" style="max-width: 100%; height: auto;" srcset="https://www.artis-lux.com/wp-content/uploads/2022/05/St-Just.jpg 395w, https://www.artis-lux.com/wp-content/uploads/2022/05/St-Just-300x204.jpg 300w" sizes="auto, 100vw" /></div></div><div id="pgc-424-0-1"  class="panel-grid-cell" ><div id="panel-424-0-1-0" class="so-panel widget widget_text panel-first-child" data-index="4" >			<div class="textwidget"><p>&nbsp;</p>
<p><a href="http://infovitrail.com/index.php/fr/accueil" target="_blank" rel="noopener">Infovitrail</a><br />
Portail d&rsquo;informations sur le domaine du vitrail</p>
</div>
		</div><div id="panel-424-0-1-1" class="so-panel widget widget_text" data-index="5" >			<div class="textwidget"><p>&nbsp;</p>
<p><a href="http://verrejade.com/accueil/">Ateliers Verrejade </a><br />
Morthemer (86)<br />
Ateliers de conservation-restauration de vitraux par Frédéric Pivet et de peintures par Sandrine Jadot-Pivet (Diplômés du Master Pro de Conservation-Restauration des Biens Culturels de l’université Panthéon-Sorbonne)</p>
</div>
		</div><div id="panel-424-0-1-2" class="so-panel widget widget_text panel-last-child" data-index="6" >			<div class="textwidget"><p>&nbsp;</p>
<p><a href="https://glassolutions.fr/fr/verrerie-saint-just">Verrerie de Saint Just</a><br />
Saint Just Saint Rambert (42)<br />
Dernière verrerie en France de verre soufflé à la bouche aplani pour des applications architecturales, notamment pour les Monuments Historiques.<br />
Ci-dessous, vidéo sur le savoir faire de ces maîtres verriers:<br />
<a href="https://www.youtube.com/watch?v=FNr6wukPCHo">Fabrication du verre soufflé de St Just</a></p>
</div>
		</div></div></div></div>

<p>&nbsp; &nbsp; &nbsp; &nbsp; Infovitrail Portail d&rsquo;informations sur le domaine du vitrail &nbsp; Ateliers Verrejade Morthemer (86) Ateliers de conservation-restauration de vitraux par Frédéric Pivet et de peintures par Sandrine Jadot-Pivet (Diplômés du Master Pro de Conservation-Restauration des Biens Culturels de l’université Panthéon-Sorbonne) &nbsp; Verrerie de Saint Just Saint Just Saint Rambert (42) Dernière verrerie &hellip; </p>
<p class="link-more"><a href="https://www.artis-lux.com/index.php/liens/" class="more-link">Continuer la lecture<span class="screen-reader-text"> de &laquo;&nbsp;Liens&nbsp;&raquo;</span></a></p>
